{"id":510,"date":"2020-11-02T10:37:05","date_gmt":"2020-11-02T10:37:05","guid":{"rendered":"https:\/\/invasionberlin.com\/festival\/?page_id=510"},"modified":"2025-07-16T14:42:11","modified_gmt":"2025-07-16T12:42:11","slug":"acerca-de","status":"publish","type":"page","link":"https:\/\/invasionberlin.com\/festival\/acerca-de\/","title":{"rendered":"Acerca de"},"content":{"rendered":"<p>[et_pb_section fb_built=\u00bb1&#8243; admin_label=\u00bbHeader\u00bb _builder_version=\u00bb4.16&#8243; use_background_color_gradient=\u00bbon\u00bb background_color_gradient_stops=\u00bbrgba(0,0,0,0.5) 0%|#000000 100%\u00bb background_color_gradient_overlays_image=\u00bbon\u00bb background_color_gradient_start=\u00bbrgba(0,0,0,0.5)\u00bb background_color_gradient_end=\u00bb#000000&#8243; background_image=\u00bbhttps:\/\/invasionberlin.com\/festival\/wp-content\/uploads\/2020\/10\/movie-02.jpg\u00bb custom_padding=\u00bb0px||0px||true|false\u00bb locked=\u00bboff\u00bb global_colors_info=\u00bb{}\u00bb][et_pb_row _builder_version=\u00bb4.16&#8243; custom_padding=\u00bb30px||30px||true|false\u00bb global_colors_info=\u00bb{}\u00bb][et_pb_column type=\u00bb4_4&#8243; _builder_version=\u00bb4.16&#8243; global_colors_info=\u00bb{}\u00bb][et_pb_text _builder_version=\u00bb4.16&#8243; text_text_color=\u00bbrgba(255,255,255,0.5)\u00bb text_font_size=\u00bb16px\u00bb text_line_height=\u00bb1.8em\u00bb header_font=\u00bbMontserrat|300||on|||||\u00bb header_font_size=\u00bb48px\u00bb header_line_height=\u00bb1.2em\u00bb header_3_font=\u00bbMontserrat|700||on|||||\u00bb header_3_text_color=\u00bbrgba(255,255,255,0.5)\u00bb header_3_font_size=\u00bb16px\u00bb header_3_letter_spacing=\u00bb2px\u00bb header_3_line_height=\u00bb1.4em\u00bb background_layout=\u00bbdark\u00bb header_3_font_size_tablet=\u00bb14px\u00bb header_3_font_size_phone=\u00bb\u00bb header_3_font_size_last_edited=\u00bbon|phone\u00bb text_text_align=\u00bbleft\u00bb locked=\u00bboff\u00bb global_colors_info=\u00bb{}\u00bb]<\/p>\n<h1><b>Sobre\u00a0<\/b>NOSOTROS<\/h1>\n<p>[\/et_pb_text][\/et_pb_column][\/et_pb_row][\/et_pb_section][et_pb_section fb_built=\u00bb1&#8243; admin_label=\u00bbCTA\u00bb _builder_version=\u00bb4.16&#8243; background_color=\u00bb#000000&#8243; custom_padding=\u00bb0px||0px||true|false\u00bb locked=\u00bboff\u00bb global_colors_info=\u00bb{}\u00bb][et_pb_row _builder_version=\u00bb4.16&#8243; width=\u00bb100%\u00bb custom_padding=\u00bb0px||0px||true|false\u00bb global_colors_info=\u00bb{}\u00bb][et_pb_column type=\u00bb4_4&#8243; _builder_version=\u00bb4.16&#8243; global_colors_info=\u00bb{}\u00bb][et_pb_text _builder_version=\u00bb4.21.0&#8243; text_text_color=\u00bb#ffffff\u00bb text_font_size=\u00bb16px\u00bb text_line_height=\u00bb1.8em\u00bb header_3_font=\u00bbMontserrat|700||on|||||\u00bb header_3_text_color=\u00bb#f9002b\u00bb header_3_font_size=\u00bb16px\u00bb header_3_letter_spacing=\u00bb2px\u00bb header_3_line_height=\u00bb1.4em\u00bb text_orientation=\u00bbcenter\u00bb background_layout=\u00bbdark\u00bb module_alignment=\u00bbcenter\u00bb text_font_size_tablet=\u00bb15px\u00bb text_font_size_phone=\u00bb14px\u00bb text_font_size_last_edited=\u00bbon|phone\u00bb header_3_font_size_tablet=\u00bb14px\u00bb header_3_font_size_phone=\u00bb\u00bb header_3_font_size_last_edited=\u00bbon|phone\u00bb global_colors_info=\u00bb{}\u00bb]<\/p>\n<p style=\"text-align: justify;\"><strong>INVASION <\/strong>naci\u00f3 en el a\u00f1o 2014 como el primer festival en Alemania focalizado exclusivamente en el cine argentino contempor\u00e1neo y desde ese momento se ha ido consolidando como el festival de cine argentino en Berl\u00edn.<\/p>\n<p style=\"text-align: justify;\">El primer a\u00f1o decidimos \u201cinvadir\u201d el m\u00edtico cine Babylon en el centro de Berl\u00edn y programar 10 pel\u00edculas a lo largo de un mes, que fueron asociadas con otras muestras y manifestaciones culturales argentinas: conciertos, performances, muestras de arte, lecturas y hasta degustaciones gastron\u00f3micas tuvieron lugar en el marco de los 20 a\u00f1os de hermandad entre Buenos Aires y Berl\u00edn.<\/p>\n<p style=\"text-align: justify;\">En los a\u00f1os que siguieron, nos fuimos afianzando como referente de lo mejor del cine argentino, programando en idioma original pel\u00edculas innovadoras que pese al prestigio ganado en festivales internacionales, no suelen llegar a las pantallas de cine alemanas.<\/p>\n<p style=\"text-align: justify;\">En los \u00faltimos a\u00f1os adem\u00e1s hemos ampliado el horizonte, dando la posibilidad al p\u00fablico de otras ciudades de Alemania de acceder a nuestra programaci\u00f3n. Estuvimos en el Museo de Cine de Munich, la Cinemateca de Karlsruhe, el cine Caligari de Wiesbaden y el Orfeos Erben de Frankfurt.\u00a0\u00a0Y como parte del movimiento de intercambio, llevamos tambi\u00e9n cine alem\u00e1n a Buenos Aires: en el 2016 organizamos la primer retrospectiva de Angela Schanelec en la Sala Lugones y en el 2019 programamos en la misma sala \u201c3 Cineastas Berlineses: Heise, Schanelec, Hartmann\u201d, en colaboraci\u00f3n con el Festival de Cine de Mar del Plata, el Instituto Goethe, la Fundaci\u00f3n Cinemateca Argentina y la Sala Lugones.<\/p>\n<p style=\"text-align: justify;\">En nuestro 10mo. Aniversario, miramos hacia atr\u00e1s y nos encotramos con que en total ya mostramos 76 largos y 18 cortos, dirigidos, entre otrxs, por: Hugo Santiago, Santiago Mitre, Mar\u00eda Alch\u00e9, Benjam\u00edn Naishtat, Nestor Frenkel, Sof\u00eda Mora, Jos\u00e9 Celestino Campusano, Teddy Williams, Agustina Comedi, Constanza Novick, Mart\u00edn Shanly, Manuel Abramovich, Mat\u00edas Pi\u00f1eiro, Melisa Libenthal, Gast\u00f3n Solnicki, Romina Paula, Santiago Loza, Nele Wohlatz, Lisandro Alonso, Mart\u00edn Farina, Ana Katz, Ezequiel Radusky y Clarisa Navas. Las y los celebramos, y esperamos que la lista siga creciendo.<\/p>\n<p>[\/et_pb_text][\/et_pb_column][\/et_pb_row][\/et_pb_section][et_pb_section fb_built=\u00bb1&#8243; admin_label=\u00bbWhy Choose Us\u00bb _builder_version=\u00bb4.16&#8243; background_color=\u00bb#000000&#8243; custom_padding=\u00bb0px||0px||true|false\u00bb global_colors_info=\u00bb{}\u00bb][et_pb_row _builder_version=\u00bb4.16&#8243; custom_padding=\u00bb30px||30px||true|false\u00bb global_colors_info=\u00bb{}\u00bb][et_pb_column type=\u00bb4_4&#8243; _builder_version=\u00bb4.16&#8243; global_colors_info=\u00bb{}\u00bb][et_pb_text _builder_version=\u00bb4.16&#8243; text_text_color=\u00bbrgba(255,255,255,0.5)\u00bb text_font_size=\u00bb16px\u00bb text_line_height=\u00bb1.8em\u00bb header_font=\u00bbMontserrat|||on|||||\u00bb header_font_size=\u00bb48px\u00bb header_2_font=\u00bbMontserrat|||on|||||\u00bb header_2_font_size=\u00bb38px\u00bb header_2_line_height=\u00bb1.2em\u00bb header_3_font=\u00bbMontserrat|700||on|||||\u00bb header_3_text_color=\u00bb#f9002b\u00bb header_3_font_size=\u00bb16px\u00bb header_3_letter_spacing=\u00bb2px\u00bb header_3_line_height=\u00bb1.4em\u00bb background_layout=\u00bbdark\u00bb max_width=\u00bb1080px\u00bb module_alignment=\u00bbleft\u00bb header_2_font_size_tablet=\u00bb40px\u00bb header_2_font_size_phone=\u00bb30px\u00bb header_2_font_size_last_edited=\u00bboff|desktop\u00bb header_3_font_size_tablet=\u00bb14px\u00bb header_3_font_size_phone=\u00bb\u00bb header_3_font_size_last_edited=\u00bbon|phone\u00bb global_colors_info=\u00bb{}\u00bb]<\/p>\n<h1>Hacemos <strong>INVASION<\/strong><\/h1>\n<p>[\/et_pb_text][\/et_pb_column][\/et_pb_row][et_pb_row _builder_version=\u00bb4.16&#8243; custom_padding=\u00bb0px||0px||true|false\u00bb global_colors_info=\u00bb{}\u00bb][et_pb_column type=\u00bb4_4&#8243; _builder_version=\u00bb4.16&#8243; custom_padding_tablet=\u00bb\u00bb custom_padding_phone=\u00bb\u00bb custom_padding_last_edited=\u00bbon|phone\u00bb border_color_all=\u00bbrgba(255,255,255,0.1)\u00bb global_colors_info=\u00bb{}\u00bb][et_pb_team_member name=\u00bbJulieta Zarankin\u00bb image_url=\u00bbhttps:\/\/invasionberlin.com\/festival\/wp-content\/uploads\/2021\/04\/julieta-web-1.jpg\u00bb _builder_version=\u00bb4.27.4&#8243; _module_preset=\u00bbdefault\u00bb header_font=\u00bbMontserrat|700|||||||\u00bb header_font_size=\u00bb20px\u00bb text_orientation=\u00bbjustified\u00bb background_layout=\u00bbdark\u00bb hover_enabled=\u00bb0&#8243; global_colors_info=\u00bb{}\u00bb sticky_enabled=\u00bb0&#8243;]<\/p>\n<p>Naci\u00f3 en Buenos Aires y vive en Berl\u00edn desde 2009. Despu\u00e9s de completar sus estudios en la Facultad de Filosof\u00eda y Letras de la Universidad de Buenos Aires, trabaj\u00f3 en distintas \u00e1reas de la promoci\u00f3n, distribuci\u00f3n y producci\u00f3n cinematogr\u00e1fica, en festivales como BAFICI y Mar del Plata, productoras como Black Forest Films y Sommerhaus Filmproduktion, distribuidoras como Santa Cine, as\u00ed como en el cine Wolf Kino, del cual fue parte del equipo fundador. En 2021 se incorpor\u00f3 al equipo del Co-Production Market de la Berlinale, donde sigue trabajando. En 2014 fund\u00f3 <strong>INVASION<\/strong>, el primer festival de cine y cultura argentina en Berl\u00edn, que dirige desde entonces. En 2023 se uni\u00f3 a Dorothee Wenner para curar la secci\u00f3n argentina de <em>Box Office Around the World<\/em> en el Humboldt Forum.<\/p>\n<p>&nbsp;<\/p>\n<p>&nbsp;<\/p>\n<p>[\/et_pb_team_member][et_pb_team_member name=\u00bbMart\u00edn Sac\u00e1n\u00bb image_url=\u00bbhttps:\/\/invasionberlin.com\/festival\/wp-content\/uploads\/2021\/04\/martin-web-1.jpg\u00bb _builder_version=\u00bb4.16&#8243; _module_preset=\u00bbdefault\u00bb header_font=\u00bbMontserrat|700|||||||\u00bb header_font_size=\u00bb20px\u00bb text_orientation=\u00bbjustified\u00bb background_layout=\u00bbdark\u00bb global_colors_info=\u00bb{}\u00bb]<\/p>\n<p>Naci\u00f3 en Buenos Aires, Argentina, en 1984. Estudi\u00f3 Ciencias de la Comunicaci\u00f3n en la Universidad de Buenos Aires y Periodismo en TEA. Hizo trabajos period\u00edsticos para diversos medios gr\u00e1ficos y online de Latinoam\u00e9rica y Europa. Desde 2019 vive en Berl\u00edn y est\u00e1 a cargo del \u00e1rea de prensa de INVASION.<\/p>\n<p>&nbsp;<\/p>\n<p>[\/et_pb_team_member][et_pb_team_member name=\u00bbJana Daedelow\u00bb image_url=\u00bbhttps:\/\/invasionberlin.com\/festival\/wp-content\/uploads\/2021\/04\/lucia-web-1.jpg\u00bb _builder_version=\u00bb4.27.4&#8243; _module_preset=\u00bbdefault\u00bb header_font=\u00bbMontserrat|700|||||||\u00bb header_font_size=\u00bb20px\u00bb text_orientation=\u00bbjustified\u00bb background_layout=\u00bbdark\u00bb hover_enabled=\u00bb0&#8243; global_colors_info=\u00bb{}\u00bb sticky_enabled=\u00bb0&#8243;]<\/p>\n<p>Lleva m\u00e1s de 25 a\u00f1os trabajando en la industria del cine y la televisi\u00f3n. En la Berlinale, ha trabajado en diferentes programas y ha desempe\u00f1ado funciones relacionadas con los invitados, la mayor parte de estos a\u00f1os en Berlinale Talents. Tambi\u00e9n vivi\u00f3 varios a\u00f1os en Buenos Aires, donde trabaj\u00f3 en el BAFICI y en el Festival de Cine Alem\u00e1n. Ha colaborado con organizaciones cinematogr\u00e1ficas europeas como la European Film Promotion (EFP) y la European Film Academy (EFA). Jana tambi\u00e9n ha trabajado en la producci\u00f3n de numerosas pel\u00edculas y como Coordinadora del Departamento de Arte en pel\u00edculas y series. Desde 2020, desempe\u00f1a su funci\u00f3n actual como Coordinadora de Berlinale Series Market, donde tambi\u00e9n es miembro del comit\u00e9 de selecci\u00f3n de Berlinale Series Market Selects.<\/p>\n<p>&nbsp;<\/p>\n<p>&nbsp;<\/p>\n<p>[\/et_pb_team_member][et_pb_team_member name=\u00bbLuc\u00eda Tebaldi\u00bb image_url=\u00bbhttps:\/\/invasionberlin.com\/festival\/wp-content\/uploads\/2021\/04\/lucia-t-web.jpg\u00bb _builder_version=\u00bb4.27.4&#8243; _module_preset=\u00bbdefault\u00bb header_font=\u00bbMontserrat|700|||||||\u00bb header_font_size=\u00bb20px\u00bb text_orientation=\u00bbjustified\u00bb background_layout=\u00bbdark\u00bb hover_enabled=\u00bb0&#8243; global_colors_info=\u00bb{}\u00bb sticky_enabled=\u00bb0&#8243;]<\/p>\n<p>Naci\u00f3 en 1978 en Argentina. Es Licenciada en Artes de la Facultad de Filosofi\u00eca y Letras de la Universidad de Buenos Aires. Interesada desde siempre en el lenguaje cinematogra\u00ecfico, en el a\u00f1o 2006 integra la producci\u00f3n art\u00edstica del Buenos Aires International Independent Film Festival y contin\u00faa su trabajo en el campo de la distribuci\u00f3n de cine en FiGa Films y Cinetren, como responsable de Ventas y Distribuci\u00f3n. Es la fundadora de SANTA Cine, una compa\u00f1\u00eda de distribuci\u00f3n localizada en Buenos Aires especializada en cine de autor. Ha estrenado m\u00e1s de cuarenta t\u00edtulos argentinos en los \u00faltimos tres a\u00f1os.<\/p>\n<p>&nbsp;<\/p>\n<p>&nbsp;<\/p>\n<p>[\/et_pb_team_member][\/et_pb_column][\/et_pb_row][\/et_pb_section]<\/p>\n","protected":false},"excerpt":{"rendered":"<p>Sobre\u00a0NOSOTROSINVASION naci\u00f3 en el a\u00f1o 2014 como el primer festival en Alemania focalizado exclusivamente en el cine argentino contempor\u00e1neo y desde ese momento se ha ido consolidando como el festival de cine argentino en Berl\u00edn. El primer a\u00f1o decidimos \u201cinvadir\u201d el m\u00edtico cine Babylon en el centro de Berl\u00edn y programar 10 pel\u00edculas a lo [&hellip;]<\/p>\n","protected":false},"author":1,"featured_media":0,"parent":0,"menu_order":0,"comment_status":"closed","ping_status":"closed","template":"","meta":{"_et_pb_use_builder":"on","_et_pb_old_content":"","_et_gb_content_width":"","footnotes":""},"class_list":["post-510","page","type-page","status-publish","hentry"],"_links":{"self":[{"href":"https:\/\/invasionberlin.com\/festival\/wp-json\/wp\/v2\/pages\/510","targetHints":{"allow":["GET"]}}],"collection":[{"href":"https:\/\/invasionberlin.com\/festival\/wp-json\/wp\/v2\/pages"}],"about":[{"href":"https:\/\/invasionberlin.com\/festival\/wp-json\/wp\/v2\/types\/page"}],"author":[{"embeddable":true,"href":"https:\/\/invasionberlin.com\/festival\/wp-json\/wp\/v2\/users\/1"}],"replies":[{"embeddable":true,"href":"https:\/\/invasionberlin.com\/festival\/wp-json\/wp\/v2\/comments?post=510"}],"version-history":[{"count":35,"href":"https:\/\/invasionberlin.com\/festival\/wp-json\/wp\/v2\/pages\/510\/revisions"}],"predecessor-version":[{"id":4948,"href":"https:\/\/invasionberlin.com\/festival\/wp-json\/wp\/v2\/pages\/510\/revisions\/4948"}],"wp:attachment":[{"href":"https:\/\/invasionberlin.com\/festival\/wp-json\/wp\/v2\/media?parent=510"}],"curies":[{"name":"wp","href":"https:\/\/api.w.org\/{rel}","templated":true}]}}